 - 2163. Calculate the highest common divisor of 15 and i.
5
Suppose 2033 = 9*w - 829. Suppose w = 5*z + 43. Suppose -3*q = -142 + z. Calculate the greatest common divisor of q and 29.
29
Let j = -104 + 379. Let w be (30 - (7 + 3)) + 4 + (0 - -1). Calculate the highest common divisor of j and w.
25
Suppose 5*v + 258 = 9*v + x, -2*v - 2*x + 138 = 0. What is the greatest common divisor of 420 and v?
21
Let d(c) = 47*c - 292. Let m be d(6). Let r be (3/(-2))/(1994/200 + m). Calculate the highest common divisor of r and 4.
2
Suppose 3*s - 19 = h, h - 20 = -4*s - 4. Suppose 2*o - s*b - 242 = -9*b, 5*o - 565 = -2*b. What is the highest common factor of o and 3?
3
Let h be (18/5)/(888/32560). Suppose -4*j - 48 + 972 = 0. Calculate the greatest common divisor of j and h.
33
Let o(t) = t**2 - 22*t + 17. Let x be o(22). Suppose x + 18 = 7*b. Suppose w + 0 = 1. Calculate the greatest common divisor of w and b.
1
Let x(y) = 73*y - 824. Let w be x(16). Calculate the greatest common factor of 817 and w.
43
Suppose 0 = 2*p + p + 2*l - 916, -2*l = 5*p - 1528. Let i = -108 - -142. Calculate the greatest common factor of i and p.
34
Suppose 20 = 3*k + v + 10, k - 14 = 5*v. Suppose 3*d = 4*m + 126, k*d + 0*m - 3*m = 161. What is the greatest common divisor of d and 494?
38
Let a = 30 - -30. Suppose -84 = 23*w - 16*w. Let f be (-150)/40*64/w. What is the highest common factor of a and f?
20
Let r be ((-56)/7 - -13) + 21. Let v = 55 + -93. Let z = v + 64. What is the highest common factor of r and z?
26
Let p(t) = -t**3 + 11*t**2 + 11*t - 19. Let l be p(17). Let g be (l/(-90))/((-6)/(-20)). Calculate the highest common divisor of g and 319.
29
Let n = 8387 + -3131. Calculate the greatest common divisor of 54 and n.
18
Let k = 72 + 5. Let s = 3637 + -3615. Calculate the greatest common divisor of s and k.
11
Suppose -3*w - 2*j = -0*w - 2007, -w + 5*j + 686 = 0. Suppose 0 = 94*x - 92*x - 122. Calculate the greatest common factor of w and x.
61
Suppose 3*y - r = 1033 + 1304, 2*y = -5*r + 1575. What is the greatest common factor of 270 and y?
30
Let p = -460 - -482. Suppose w + 3*w + 223 = 3*y, 5*y - 4*w - 377 = 0. What is the greatest common factor of p and y?
11
Suppose -43*o + 12 = -42*o. Calculate the highest common factor of o and 114.
6
Let y be (-1)/((-27)/(-222)) - (-4)/18. Let w be y/(-18) + (-960)/(-270). What is the greatest common factor of w and 116?
4
Let x = 10 + 0. Suppose 5*k - 10 = -y, 2*y - 26 = -2*k + x. Suppose 15*r - 83 - 67 = 0. Calculate the highest common divisor of y and r.
10
Suppose 3*n - n = -3*h + 64, -n + 4*h + 21 = 0. Suppose n - 18 = u. Let j = 6 + u. Calculate the greatest common factor of 68 and j.
17
Suppose -4 = -4*b + 4. Let h be 57 + -9 + 8/b. Suppose 7*z - 143 = -h. Calculate the greatest common factor of 143 and z.
13
Suppose 2*u + 9106 = 5*h, 18*h + 3*u + 5469 = 21*h. What is the highest common divisor of h and 84?
28
Let l be (-198)/(-44)*148/(-6). Let r = 118 + l. What is the greatest common divisor of 343 and r?
7
Let r(a) = -a**3 + 12*a**2 - 9*a - 16. Let l be r(11). Suppose 270 = l*u + 9*u. Calculate the greatest common factor of u and 135.
9
Let b be (12 + 1)/((-3)/(-69)). Let d(g) = -g**3 + 101*g**2 - 197*g - 53. Let m be d(99). What is the greatest common factor of b and m?
23
Let v(f) = 27*f - 25*f - 2 - 14. Let n = -96 - -112. Let p be v(n). What is the highest common factor of 4 and p?
4
Suppose -4*x = -2*z + 22, 2*z - 2*x = 11 + 11. Let i(f) = -23*f. Let r be i(0). Suppose r = -z*o + 442 - 178. Calculate the greatest common factor of 264 and o.
24
Let v be (120/(-2))/((-17)/(1666/14)). Calculate the greatest common divisor of 308 and v.
28
Let u = -202 + 13. Let i be 208/208*1/((-1)/u). Calculate the greatest common divisor of i and 21.
21
Suppose -15*y = -11*y + 5*y. Suppose y = -230*c + 236*c - 252. Calculate the greatest common divisor of c and 14.
14
Suppose 162449 = -415*r + 404340 + 208384. What is the greatest common divisor of r and 1550?
155
Let p be ((-2728)/(-220))/(4/80). What is the greatest common divisor of p and 28024?
248
Suppose 2*y - 244 = -5*k, 153*y = 155*y - 3*k - 212. What is the highest common factor of 48 and y?
16
Suppose -17*r = 63*r - 3200. Calculate the highest common factor of 5380 and r.
20
Let l = -7038 + 7318. Calculate the greatest common factor of 1624 and l.
56
Let y be (56048/80 - 2)*15. Calculate the greatest common divisor of 21 and y.
21
Suppose 342*m - 18483 + 4633 = 4618. What is the highest common divisor of 11853 and m?
27
Let d(g) = -5*g + 78 + 85 - 237 + 5*g**2 + 88. Let q be d(2). What is the greatest common divisor of q and 216?
24
Let x = -4614 + 8006. What is the highest common divisor of x and 106?
106
Let d(i) = -i**3 + 31*i**2 - 174*i - 70. Let p be d(23). Let j be 6/(-27) - 235/(-45). What is the greatest common factor of p and j?
5
Suppose 0 = -5*a - 3*v + 22 - 15, 2*v = -12. What is the greatest common divisor of a and 29035?
5
Suppose -2*c + 5*s = -1860, 10*c + 1856 = 12*c - 3*s. Calculate the highest common divisor of 111 and c.
37
Let y(q) = 3*q**2 - 70*q - 14. Let r be y(-2). Calculate the highest common divisor of r and 1472.
46
Let i be (-14)/(-231) + 419243/363. Calculate the highest common divisor of 3696 and i.
231
Suppose -3*t = 2*o - 3263, 41*t + o - 4354 = 37*t. What is the greatest common divisor of t and 27?
9
Let c be (-3*6)/(1*(-2)/6). Let n = 68 - c. Suppose 2*h = 4*i - 2*h - 240, -2*h - 176 = -3*i. Calculate the greatest common divisor of n and i.
14
Suppose -114 = 50*f - 47*f. Let u = f + 63. Suppose -126 = 22*d - u*d. What is the greatest common divisor of d and 105?
21
Let r be (-23625)/28 - (-4)/(-16). Let a = -806 - r. Calculate the greatest common factor of a and 6.
2
Suppose 2*p - 85982 - 5272 = 0. Calculate the greatest common divisor of p and 201.
201
Let o be 363*-2*(-4)/12. Suppose -o = -2*u - 58. Suppose u = 4*p + 3*l + 17, -l - 40 = -3*p. What is the greatest common factor of 15 and p?
15
Let y(p) = 6*p**2 - 3*p + 2. Let l be y(1). Let v be 196/5 + -5 + 24/l. Suppose t - v + 23 = 0. What is the greatest common divisor of 40 and t?
8
Suppose -69 = 4*z + 19. Let m be (-1252)/z - (-3 + (-32)/(-11)). What is the greatest common factor of m and 19?
19
Suppose 144 = 2*k - 2*f, 2*k + 9*f - 13 - 164 = 0. Calculate the highest common factor of k and 2000.
25
Suppose 52023 = 126*s - 126015. What is the highest common divisor of 9 and s?
9
Suppose 3*f - 4*a = 1, -4*f - 4*a - 3 = -5*f. Let n be (f - -2) + 3/((-3)/(-3)). Suppose c = n + 3. Calculate the highest common divisor of c and 77.
7
Let l be -12 - (-1736)/(10 + -2). Calculate the greatest common factor of 410 and l.
205
Let s(n) = -40*n + 13. Let p be s(-3). Let l = 165 - p. Calculate the greatest common divisor of 4 and l.
4
Let k = -370 - -402. Suppose -k*z - 4114 = -54*z. Calculate the highest common factor of z and 11.
11
Let j be 72/21 - (-3)/((-21)/(-4)). Let p be 97/4*2/(-2)*j. Let f = p + 143. Calculate the greatest common divisor of f and 46.
46
Let p(f) = f**3 + 2*f**2 - f - 6. Let o be p(-3). Let g be 784/64 + -1 + (-9)/o. Calculate the highest common divisor of g and 14.
2
Suppose 3*d = -z + 34, -536*d = -z - 538*d + 39. Calculate the highest common divisor of 721 and z.
7
Let c = -14868 - -20788. What is the greatest common factor of c and 1440?
160
Let k(f) = -5*f**2 + 6*f - 42. Let q be k(6). Let v be 40/48 + q/(-36). What is the greatest common divisor of 42 and v?
6
Let x(l) = 1. Let k(v) = 2*v + 13. Let b(r) = k(r) - x(r). Let g be b(-5). Suppose 42 = g*y - 142. Calculate the highest common divisor of 23 and y.
23
Suppose -72 = -2*q - 10. Let r = 163109 - 163107. What is the greatest common factor of r and q?
1
Suppose 4*k - 8*k + 9088 = 0. Suppose 0 = -z - k. Let c be 20/(-90) - z/18. What is the highest common divisor of c and 14?
14
Let b = -13 + 15. Suppose -b*h - o = 1, 0*h + 2*o = 3*h - 2. Suppose h*m = -m + 99. Calculate the greatest common divisor of 11 and m.
11
Suppose g = 5*i + 2603, -10304 - 144 = -4*g + 2*i. Suppose 0*x - g = -67*x. Calculate the highest common factor of x and 4.
1
Let d(x) = 979*x - 3639. Let v be d(15). What is the greatest common divisor of 84 and v?
42
Let x = -44374 + 46206. Calculate the highest common divisor of x and 3435.
2